se
Is 491916461191 a composite number?
True
Is 8927825503 a composite number?
False
Is 556585663 a composite number?
True
Is 844688135 a composite number?
True
Is 113390912561 composite?
False
Is 1067406679 composite?
True
Is 5670388249 prime?
True
Is 42089804039 composite?
True
Is 10438287101 a composite number?
True
Is 16443565967 prime?
False
Is 5646953803 prime?
True
Is 47820678947 a composite number?
True
Is 17360187893 a composite number?
False
Is 1112309537 composite?
True
Is 176030077 a prime number?
True
Is 52371676771 a prime number?
False
Is 6390796963 composite?
True
Is 3173200873 a prime number?
False
Is 51344093 prime?
False
Is 29312239673 prime?
True
Is 14372956111 a prime number?
False
Is 354445369 composite?
True
Is 150217467371 a prime number?
False
Is 140038373 a prime number?
False
Is 729107179 prime?
False
Is 1050799565 prime?
False
Is 17139212833 a composite number?
False
Is 59557432003 prime?
False
Is 19855698353 prime?
True
Is 1026154583 a composite number?
False
Is 1376583727 a composite number?
True
Is 118123524259 prime?
False
Is 1743671635 prime?
False
Is 428632733 prime?
False
Is 9267552401 prime?
True
Is 15184256977 a composite number?
False
Is 7890431377 a prime number?
True
Is 66608592739 a prime number?
False
Is 4954673242 a prime number?
False
Is 6115833847 prime?
True
Is 2104977613 composite?
False
Is 355934705905 a prime number?
False
Is 31762453 a prime number?
False
Is 2775889951 prime?
False
Is 968065403 a composite number?
False
Is 116046559 prime?
False
Is 381845362 a prime number?
False
Is 1745002535 prime?
False
Is 9184732789 prime?
False
Is 4601667451 a composite number?
False
Is 119453639797 prime?
True
Is 34609260113 composite?
True
Is 892473917 composite?
True
Is 1521659933 prime?
True
Is 2429369233 a composite number?
False
Is 2401727537 composite?
True
Is 2340140521 a prime number?
True
Is 736665911 prime?
True
Is 175114248757 prime?
False
Is 657589351 composite?
False
Is 62787560299 a prime number?
True
Is 18623488798 prime?
False
Is 3804950161 composite?
True
Is 1212905777 a prime number?
True
Is 7608404599 a composite number?
True
Is 1404999721 composite?
True
Is 29859648289 a prime number?
True
Is 1155148051 a composite number?
True
Is 4729631689 composite?
False
Is 26472319 composite?
True
Is 52952583697 composite?
True
Is 9198325379 prime?
False
Is 366287359 a prime number?
True
Is 6293912069 composite?
False
Is 4218517301 a prime number?
False
Is 27463039157 prime?
False
Is 76007630047 prime?
True
Is 1830806023 prime?
False
Is 2074465789 a composite number?
True
Is 1961072033 prime?
False
Is 49712677931 a prime number?
False
Is 109473628469 composite?
True
Is 6203802071 prime?
True
Is 123948138989 prime?
False
Is 17114897 composite?
True
Is 5139425803 a composite number?
True
Is 9169092271 a prime number?
True
Is 511868347 composite?
True
Is 81646969 prime?
True
Is 7539856603 composite?
False
Is 4238565707 prime?
False
Is 7710131341 composite?
True
Is 12499652617 a prime number?
True
Is 55673481131 a composite number?
True
Is 104233699 a prime number?
False
Is 31383161 composite?
False
Is 17238849077 a composite number?
True
Is 855054637 prime?
False
Is 10207368023 composite?
True
Is 272458187 composite?
False
Is 207972047 composite?
True
Is 1854154493 prime?
True
Is 4912513378 a prime number?
False
Is 10924998793 composite?
True
Is 129760701937 composite?
True
Is 13524868977 a prime number?
False
Is 3774453409 prime?
True
Is 27499711801 a composite number?
True
Is 1492818751 a composite number?
False
Is 2990269909 prime?
False
Is 14416674431 a composite number?
True
Is 18569233 a composite number?
False
Is 4227900451 composite?
False
Is 334616459921 composite?
False
Is 115092948733 prime?
False
Is 162031493 a composite number?
True
Is 666515803 a prime number?
False
Is 149910903778 a prime number?
False
Is 16388323681 prime?
True
Is 73580535183 composite?
True
Is 16740850471 composite?
False
Is 183977501833 composite?
False
Is 2812565711 composite?
False
Is 415407361 a prime number?
True
Is 7189806721 composite?
False
Is 14651705333 a composite number?
False
Is 72792029 prime?
False
Is 241714465 a composite number?
True
Is 1276935133 a prime number?
True
Is 5639406911 a composite number?
True
Is 23107622941 a prime number?
False
Is 1561262491 a prime number?
True
Is 1347939071 a prime number?
False
Is 5826323059 a composite number?
True
Is 21461023889 composite?
True
Is 702639389 prime?
True
Is 1902594709 a prime number?
False
Is 89160509143 prime?
False
Is 109322357 a prime number?
False
Is 87700607 a prime number?
False
Is 1247865523 a composite number?
False
Is 167296699 a prime number?
False
Is 3537379694 a composite number?
True
Is 12446926117 a prime number?
False
Is 4500443551 a composite number?
False
Is 38690528473 prime?
True
Is 205587973 a prime number?
False
Is 18548641 prime?
True
Is 1320504929 a composite number?
False
Is 3316511785 a prime number?
False
Is 56364282539 a composite number?
True
Is 31473670847 a composite number?
True
Is 56618883213 prime?
False
Is 221733937 a prime number?
True
Is 510268189 a prime number?
False
Is 220276907 prime?
True
Is 1377686473 a prime number?
False
Is 1271948203 composite?
False
Is 1295887279 prime?
True
Is 36336758935 prime?
False
Is 4459309793 a prime number?
False
Is 4136254847 a composite number?
False
Is 15385366407 prime?
False
Is 966473507 a composite number?
True
Is 619165771 prime?
False
Is 1382443487 a prime number?
True
Is 77464141 a prime number?
True
Is 32730779329 a composite number?
False
Is 434282437 composite?
False
Is 271492589 a composite number?
True
Is 553390277 prime?
False
Is 2069142247 prime?
True
Is 23927289103 a prime number?
True
Is 935777203 composite?
True
Is 1921696901 a prime number?
True
Is 604781363 a composite number?
False
Is 68326096637 composite?
True
Is 1551354809 composite?
False
Is 21703095163 prime?
True
Is 85778281 a composite number?
False
Is 12932207 a prime number?
False
Is 46744795757 prime?
False
Is 514021241 composite?
True
Is 1709823373 a composite number?
True
Is 82054758323 a composite number?
False
Is 707777047 a composite number?
False
Is 42261165579 prime?
False
Is 4505291891 prime?
True
Is 2950133041 a composite number?
False
Is 2326212037 a composite number?
False
Is 743820439 a prime number?
True
Is 4978951097 a prime number?
False
Is 10053952693 composite?
False
Is 93982048351 prime?
True
Is 4176576797 a composite number?
False
Is 65487135261 prime?
False
Is 144286873 a composite number?
False
Is 16441144117 prime?
True
Is 33010587149 prime?
False
Is 78783359 a composite number?
False
Is 10400664301 composite?
True
Is 718222469 a composite number?
False
Is 4115827403 prime?
True
Is 1004288359 composite?
False
Is 444525737 a composite number?
True
Is 137688233 a composite number?
True
Is 6752475779 a prime number?
False
Is 7364299301 a composite number?
True
Is 961742269 a prime number?
False
Is 5338284397 a composite number?
False
Is 75496049 a composite number?
False
Is 2802712169 composite?
False
Is 619202307 a prime number?
False
Is 30486713637 a prime number?
False
Is 8471677 composite?
False
Is 7808372713 composite?
False
Is 1557720887 a composite number?
True
Is 64007829401 composite?
False
Is 5720399627 composite?
False
Is 2796481537 a composite number?
True
Is 51506987219 a composite number?
False
Is 7583835817 composite?
True
Is 9665598941 prime?
False
Is 23570553821 prime?
False
Is 2112906893 a composite number?
True
Is 7401267487 a prime number?
False
Is 82523745097 composite?
False
Is 571656493 a prime number?
True
Is 10150353407 composite?
False
Is 496971911 a composite number?
False
Is 68728901 composite?
False
Is 7277858267 composite?
False
Is 7044010595 a composite number?
True
Is 34970809117 composite?
False
Is 106308281 prime?
True
Is 934086937 composite?
True
Is 1534284757 composite?
True
Is 621244887 a prime number?
False
Is 116614158163 prime?
True
Is 4575156869 composite?
False
Is 131016140159 composite?
False
Is 1127642573 composite?
False
Is 4208368663 prime?
False
Is 901917001 a composite number?
False
Is 6252459887 prime?
False
Is 3123526619 a composite number?
False
Is 3527599687 a composite number?
True
Is 34008993839 composite?
False
Is 1846753